98 + 9950 = 0. List the prime factors of k.
3, 13, 43
Let t be (-3)/(4 - (-105)/(-25)). Suppose 3*h = -0*h + t. Let f(m) = 17*m - 1. List the prime factors of f(h).
2, 3, 7
Suppose -2*w + 8 = 3*g, -3*g + 12 = 3*w - 8*g. Suppose i + y + 4019 = -3*i, w*i + 3*y + 4017 = 0. What are the prime factors of 32/(-272) - i/17?
59
Let l = 25 - 102. Let o = l + 32. Let j = -24 - o. What are the prime factors of j?
3, 7
Let s be (-4 - (4 + -2)) + 91. Suppose 0*g - 5*g = -s. List the prime factors of g.
17
Let w = 537 - 538. What are the prime factors of (7/(35/(-1835)))/w?
367
Let g(r) = 6*r + 59. Let x be g(9). Suppose 205 = 3*j - x. Let w = 81 + j. List the prime factors of w.
11, 17
Let g be 41 - 35 - (-1)/(-1). Suppose 3*x - 4935 = -3*n, -g*x - 8231 = -10*x - 2*n. List the prime factors of x.
3, 61
Let m = 44 + -13. Suppose 4*f - 5*u - m = 0, 5*u = 31 - 6. Suppose 13*k = f*k - 104. List the prime factors of k.
2, 13
Suppose -5*w + 3751 = -p, 84*w + 5*p = 86*w - 1482. What are the prime factors of w?
751
Let v(q) = q**3 - 13*q**2 + 24*q - 14. Let t be v(11). Suppose 5*l - t*l - 2*z + 254 = 0, -2*z + 426 = 5*l. List the prime factors of l.
2, 43
Let i = -4505 - -4507. Suppose 1625 = 6*h - h. Suppose -i*d + h = -5*m, 3*d + 3*m = -2*m + 475. List the prime factors of d.
2, 5
Suppose -5*n + 6308 = 60*y - 58*y, n = 3*y - 9445. List the prime factors of y.
47, 67
Suppose 4*b + 62 = -a, 0*a + 5*a - 5 = b. Let v = 18 + b. Suppose -i = -v*j - 24, 0 = i - 0*i - 2*j - 25. What are the prime factors of i?
3
Let t be 1 + -7 - (-132 - 5). Let y = t - -17. What are the prime factors of y?
2, 37
Suppose -145584 = -5*l - 4*d, 5*d - 4 = 6*d. What are the prime factors of l?
2, 5, 7, 13
Suppose 0*d - 2*d + 3*k = -2535, 2*d = -5*k + 2543. Let p = 2316 - d. List the prime factors of p.
3, 349
Let v = 5 - 9. Let s(x) = 2*x**2 - 3*x + 4. Let k be s(v). List the prime factors of (-8)/k - 1082/(-12).
2, 3, 5
Suppose 2718274 = 133*h + 141*h - 880716. What are the prime factors of h?
5, 37, 71
List the prime factors of 30069*(-390)/(-351) + 4/2.
2, 8353
Suppose 3*h + 29 = -m, -2*m - 2*m = -2*h + 60. Let y = 0 + m. Let a = y - -19. List the prime factors of a.
2
Suppose -q - q + 14 = -2*y, 0 = 5*q + 3*y - 19. Suppose q*p = -4*v + 6350, 1 = 2*p + 5. List the prime factors of v.
2, 3, 5, 53
Let n(m) = 13*m**2 + 3*m + 3. Let f be n(-1). Suppose -f*j + 17*j = 896. List the prime factors of j.
2, 7
Suppose 59380 = -3*u + 5*p, 7*p + 99012 = -5*u + 4*p. What are the prime factors of 6/(-4)*u/54?
2, 5, 11
Let i(f) = 535*f + 1494. What are the prime factors of i(23)?
13799
Let c(n) = 99*n + 24043. List the prime factors of c(0).
24043
Suppose 0 = -x + 262 - 80. What are the prime factors of 18*(-8 + x/6)?
2, 3, 67
Let g = -60 + 62. Let f(v) = 5*v - 1. Let l be f(g). Let p(x) = 11*x - 11. List the prime factors of p(l).
2, 11
Let v = 184 + 44. Suppose v = -6*l + 1566. Suppose 2*h - k = l, -3*h + 0*h - k + 332 = 0. What are the prime factors of h?
3, 37
Let a(t) be the second derivative of 11*t**4/6 + 10*t**3/3 - 29*t**2/2 + 16*t + 1. What are the prime factors of a(5)?
3, 23
What are the prime factors of 4/(-20) - (-578816)/280?
3, 13, 53
Let n be 382/(-12) + (-7)/42. Suppose 5*k - 1285 - 200 = 0. Let m = k + n. What are the prime factors of m?
5, 53
Suppose 12*p = 16*p - 3*k - 143, -2*p + 5*k = -75. Suppose -10*n = p*n - 15165. List the prime factors of n.
337
Suppose -3*a + 5*n + 34952 = n, -5*a = -n - 58276. What are the prime factors of a?
2, 31, 47
Let v(w) = 0*w - 3 - 3*w - 8 + 0*w. Let x be v(-5). Suppose x*c = -4 + 448. List the prime factors of c.
3, 37
Let j(l) = 238*l + 302. Let o be j(13). Suppose -85*x + o = -73*x. List the prime factors of x.
283
Let o be ((-48)/6)/8*-1959. Suppose -o = -21*g + 13707. What are the prime factors of g?
2, 373
Let p = -13653 + 54001. What are the prime factors of p?
2, 7, 11, 131
Let n(b) be the second derivative of -13*b**4/24 + 15*b**3/2 - 45*b**2/2 - 38*b. Let r(c) be the first derivative of n(c). What are the prime factors of r(-13)?
2, 107
Suppose 5*h - 27 = 3*a, h - 16 = 2*a - 3*h. What are the prime factors of (-18109)/a - (-35)/10?
1297
Suppose -4*h + n - 2*n = 1216, -1224 = 4*h - n. Suppose 3*b + b = 0, 4*b + 418 = -2*k. Let u = k - h. What are the prime factors of u?
2, 3
Suppose -5*z = -3*t + 22, -5*z + 18 = 2*t - 5. Let y(r) = -r**2 + r + 19. Let n be y(t). Let v = n + 120. List the prime factors of v.
67
Suppose 2*b = -49 - 129. Let y = b + 158. What are the prime factors of 1/(-9)*-3*y?
23
Suppose 7*m - 152 + 460 = 0. Let k = m - -56. List the prime factors of 681/k - (-4)/16.
3, 19
Let g(i) = i + 12. Let a(z) = -5*z + 3*z - z**2 + 3 - 2*z - 8*z. Let c be a(-12). List the prime factors of g(c).
3, 5
Suppose -45560 = -3*o - 13*x, 0 = 3*o - 5*x - 54677 + 9153. What are the prime factors of o?
2, 7589
Suppose 0 = -4*y + o + 11, -3*o + 4 - 13 = 0. Suppose y*m - 73 = 5*g, 0*m + 4*m = -3*g + 107. What are the prime factors of m?
29
Let w(n) = 22920*n**3 + 8*n**2 - 2*n - 4. List the prime factors of w(1).
2, 73, 157
Let q(i) be the third derivative of -i**6/30 - i**5/30 + 11*i**4/12 - 11*i**2. Let u(c) be the second derivative of q(c). What are the prime factors of u(-3)?
2, 17
Let i = 3750 - 854. What are the prime factors of i?
2, 181
Let x(h) = -57*h**3 - 2*h**2 - 33*h - 19. Let j be x(-4). Let p = -1804 + j. What are the prime factors of p?
5, 7, 11
Suppose -91*u = u - 7*u - 624665. What are the prime factors of u?
7349
Let v be 4 - (4 + -1)*(-1)/(-3). Let u(p) = -23 + 7*p**2 + 0 + p**v + 4 - 13*p. List the prime factors of u(-8).
3, 7
Let q = -535 - -538. What are the prime factors of 660/q*(7 + 184/(-32))?
5, 11
Let r(u) = 48*u - 1. Let c be r(-1). Let b = c - -59. List the prime factors of 143/2 + 5/(b*-1).
71
Let w = 23379 - 9592. What are the prime factors of w?
17, 811
Suppose 11*g + 15*g + 118239 = 1415197. What are the prime factors of g?
83, 601
Let x = 4040 + -303. List the prime factors of x.
37, 101
Suppose -m - 287 = 5*f - 75, 15 = 5*m. Suppose 0*z - 165 = -3*z. Let b = z - f. List the prime factors of b.
2, 7
Suppose 10*r + 1619 = -3681. Let z = r + 848. List the prime factors of z.
2, 3, 53
What are the prime factors of (8 + 252/(-35))/((-3)/(-28290))?
2, 23, 41
Suppose -37*d = 29*d - 192984. What are the prime factors of d?
2, 17, 43
Let b = 10865 + -105. What are the prime factors of b?
2, 5, 269
Suppose -109*j + 17644 = -713637. List the prime factors of j.
6709
Let p be 3/2 + (-34804)/(-88). Let j = p + 97. List the prime factors of j.
2, 13, 19
Suppose -7*m + 22 = -20. Suppose -m*z + 110 = -z. Suppose -y = -78 - z. List the prime factors of y.
2, 5
Let m(h) = -16*h + 162. Let f be m(10). Suppose 2*s - f*j - 3*j = 233, -j = 4*s - 411. What are the prime factors of s?
2, 13
Let k = 50198 + -20449. List the prime factors of k.
71, 419
Let u(s) be the first derivative of 4/3*s**3 - 29 + 2*s - 7/2*s**2. List the prime factors of u(-4).
2, 47
Let o = 798 + -793. Suppose o*a + 2 = 7, 3*r = 2*a + 2026. List the prime factors of r.
2, 13
Let s(d) = -d**3 - 6*d**2 + 28*d - 3. Let q(m) = m**2 - 9*m + 10. Let x be q(4). What are the prime factors of s(x)?
3, 13
Let i(d) = d**3 + 2*d**2 + d. Let t be i(-2). Let x(o) = 4*o**3 - 279*o**2 - 70*o + 4. Let q be x(70). What are the prime factors of t + ((-9)/6 - (-218)/q)?
3, 17
Suppose 5*u - 5*m - 327470 = 0, -4*u + 7*u + 5*m = 196482. List the prime factors of u.
2, 11, 13, 229
Let w = 17424 + 5504. List the prime factors of w.
2, 1433
Let q = -91 - -95. Suppose q = 4*z + y, 5*z + 3 + 5 = 2*y. Suppose 4*s + 16 = z, 3*s = -3*u + 8*s + 404. List the prime factors of u.
2
Let l be 92/(-3) + -6 + 136/24. Let x = -27 - l. Suppose t - 32 - x = 0. List the prime factors of t.
2, 3
Suppose -p = p. Suppose -3*n + 20 = 4*t, -2*n - t - 10 + 15 = 0. Suppose 5*o + 2*z + n*z - 36 = p, 5*o + 3*z - 39 = 0. What are the prime factors of o?
2, 3
Let z be (-17 + 7)*(5 + 45/(-6)). Suppose -1728 = -28*k + z*k. What are the prime factors of k?
2, 3
Suppose -3*a = -3*q - 7*a + 50, -q + a = -5. Suppose q - 361 = -3*z. Let o = 230 - z. List the prime factors of o.
113
Let v be (6/(1/1))/((-3)/(-2)). Suppose 0 = v*y + 4*y - 1480. Let c = 279 - y. List the prime factors of c.
2, 47
Let l(b) = 36*b**3 + b